e r(6). Let l = f + -2. Suppose -l*z + 19 = -9. What is the units digit of z?
7
Let m be (-1)/2 - 2/(-4). Let h = 17 - m. What is the units digit of h?
7
Suppose -4*t + 36 = -4*m, -7 = -0*t - 3*t - 2*m. Let q(j) = -j**3 + 5*j**2 + j + 5. What is the units digit of q(t)?
0
Let g(k) be the second derivative of 2*k**3/3 - 6*k. What is the tens digit of g(3)?
1
Suppose -4*d - 181 = 43. Let a be (-50)/8 + 1/4. What is the units digit of d/a - (-11)/(-33)?
9
Let l be -4 + (-2 - 0) - 0. Let u be (-9)/l*2 + 1. What is the units digit of (7 - 3)*6/u?
6
Let c(j) = 2*j**2 + 6*j. Let y = -16 - -25. Suppose 4*q = -25 + y. What is the units digit of c(q)?
8
Let d(i) = -4*i + 16. What is the units digit of d(-14)?
2
What is the units digit of ((-74)/6)/((-8)/96)?
8
Suppose -33 = 5*w + 102. Let p be (158/(-6))/(3/w). What is the units digit of 4/18 + p/27?
9
Suppose -6*f - 4 = -2*f, 5*q + 3*f + 83 = 0. Let i = -37 - q. What is the units digit of i/(-6)*(-1 - -3)?
7
Let i(m) = -18*m**3 + m**2 - 1. Suppose 2*r - f = f, 2*r + f = -3. Let y be i(r). Suppose -x + y = -1. What is the units digit of x?
9
Let j(f) = f - 1. Let w be j(5). Let d = -3 + w. What is the units digit of 19/6 + d/(-6)?
3
Let q(c) = -c + 9. Let f(m) = -m**3 + 6*m**2 + 8*m - 7. Let o be f(7). Let b be 4 - 4 - (0 - o). What is the units digit of q(b)?
9
What is the units digit of (86/3)/(9/27)?
6
Let m(a) be the first derivative of -a**4/4 - 2*a**3 - 3*a**2 - 2*a - 2. Let u be m(-5). Let d = u + 0. What is the units digit of d?
3
Let s(o) be the third derivative of -o**5/60 + o**4/24 + 3*o**3 + 3*o**2. What is the units digit of s(0)?
8
Suppose 48 + 47 = j. What is the tens digit of j?
9
Suppose -n + 5*o = -141, -4*n - 7*o = -2*o - 639. What is the tens digit of n?
5
Let m be 32/5 + 10/(-25). Suppose 2*z = 3*d - d + m, -d - z = 3. Let c(q) = -5*q - 3. What is the units digit of c(d)?
2
What is the tens digit of ((-55)/(-3))/(64/12 - 5)?
5
Let m = -12 - -11. Let n = 16 - m. What is the tens digit of n?
1
Let y = 31 + 2. What is the units digit of y?
3
Let z(m) = m**2 + 2*m - 2. Let d be z(3). What is the units digit of -3 - -3 - d/(-1)?
3
Let x(n) = n + 18. Let p be x(-13). What is the units digit of (3/(-2))/(p/(-50))?
5
Suppose 3*a = 8*a - 110. What is the tens digit of a?
2
Suppose -6*o + 11 = -13. Suppose 0 = -o*v - 4*j, -4 = 5*j - j. What is the units digit of v?
1
Let v(g) = 16*g**3 - g + 1. Suppose -4*m + 6 = -2*m, 0 = q + m - 8. Let z = 6 - q. What is the tens digit of v(z)?
1
Let x(v) = -v - 5. Suppose -9 = -2*o + 3*o. What is the units digit of x(o)?
4
Let w(g) be the second derivative of g**6/60 - g**4/8 + g**3/2 - g**2/2 + g. Let c(f) be the first derivative of w(f). What is the tens digit of c(2)?
1
Let f = 12 + -20. Let d = f + 30. Suppose 3*g = g + d. What is the units digit of g?
1
Let m = 12 + 2. Suppose -2*z + m = -34. What is the tens digit of z?
2
Let h be (52/5)/(3/15). Let i = h + -21. What is the units digit of i?
1
Let x = 2 - 3. Suppose -q + 28 = 3*q. Let s = x + q. What is the units digit of s?
6
Suppose 0 = -g - g + 42. Let u = 39 - g. What is the tens digit of u?
1
Suppose -220 = -4*p - 3*t + 7*t, -5*p + 4*t = -270. Suppose 3*y = 8*y - p. What is the tens digit of y?
1
Suppose -2*p + 75 = 3*x, 6*x - 75 = 3*x - 3*p. What is the tens digit of x?
2
Suppose 0*j + 2*j = 4, 0 = -2*i - j + 126. What is the tens digit of i?
6
Suppose 0 = -2*c + 144 + 56. Suppose -a - c = -5*a. What is the units digit of a?
5
Suppose 0 = -4*x + 4*j - 8, 5*x + 0*x + 5*j = 0. Let f be -6 + 0 + (x - -3). Let y = 7 + f. What is the units digit of y?
3
Let j(b) = b**2 + 15*b + 9. Let u be j(-14). What is the tens digit of 3*1*(11 + u)?
1
Suppose 4*q + 0 - 20 = 0. Suppose q*c = 5*m - 1 + 6, -2*c = -5*m - 17. Let o = m - -8. What is the units digit of o?
3
Let n = -11 + 20. Let c = -2 + n. What is the units digit of c?
7
Let v be (3 - 1) + (-2 - -27). Let l = v + -17. What is the tens digit of l?
1
Suppose -l = l - 144. What is the units digit of l?
2
Let o be (-2)/3*(-15)/2. Suppose -o*r + r = -44. What is the tens digit of r?
1
Suppose -30*p + 300 = -28*p. What is the hundreds digit of p?
1
What is the units digit of (-2)/6*-21 - 1?
6
Let p be ((-2)/(-6))/((-5)/30). What is the tens digit of p/(-3)*(-204)/(-8)?
1
Let o(u) be the first derivative of u**3/3 - 7*u**2/2 + 6*u + 2. Let q be o(8). Suppose 4*h - w - q = 0, -6*h + h + 17 = -w. What is the units digit of h?
3
Let y(o) = -o**3 + 7*o**2 + 4*o + 14. What is the tens digit of y(6)?
7
Let t = 35 - 9. What is the units digit of t?
6
Let k be -2*1*(-110)/4. Suppose 4 - 7 = p + 5*g, 3*p - g - k = 0. What is the units digit of p?
7
Let d(h) = h + 7. Let t be 4/8*-6 + 9. What is the tens digit of d(t)?
1
What is the units digit of 136/10*(50/4)/1?
0
Suppose -98 = 4*i - 38. What is the units digit of (-9)/i + (-47)/(-5)?
0
Suppose 0 = 3*v - 11 + 2. Let m = 3 - -1. Suppose 14 = z + m*y, -v*z + 36 = 4*y - 14. What is the units digit of z?
8
Suppose -6*h + 2*h + 3*w = -781, -5*w + 201 = h. What is the units digit of h?
6
Suppose 23*g - 1710 = 8*g. What is the hundreds digit of g?
1
Suppose -5*p + 6 = -4. Let v(r) = -r + 9. Let q be v(7). Suppose -w = -p*w + q. What is the units digit of w?
2
Suppose -d - 12 = -3*d. What is the units digit of d/(-9)*27/(-2)?
9
Let l(o) = 9*o**3 - 2*o**2 - 2*o - 7. What is the units digit of l(3)?
2
Let w(i) = 9*i**2 - 13*i - 3. Let z(f) = -5*f**2 + 6*f + 2. Let v(x) = 6*w(x) + 11*z(x). What is the tens digit of v(-9)?
3
Let g = 27 + -7. What is the units digit of g?
0
Suppose -2*m = 2*r + 2*r + 6, 11 = r - 2*m. Let c(f) = 27*f + 1. What is the tens digit of c(r)?
2
Let a = 56 + 15. What is the tens digit of a?
7
Let f(n) = 5*n + 2. Let b(y) = y**3 + 7*y**2 + 4*y - 7. Let a be b(-6). Suppose -a*z - 3*m - 10 = 2*m, 3*m + 22 = 5*z. What is the units digit of f(z)?
2
What is the units digit of 356/10 + (-4)/(-10)?
6
Let v(z) be the third derivative of z**7/630 - z**6/240 - z**5/60 + 3*z**2. Let c(p) be the third derivative of v(p). What is the units digit of c(2)?
3
Suppose 0 = -4*j + 8 - 0. Suppose -j + 12 = 2*x. What is the units digit of x?
5
Let k = 2 + -3. Let y be (k + 6)*1*6. Suppose -z + 5*j + 24 = 0, 2*z - 4*j - y = -3*j. What is the units digit of z?
4
Suppose -2*n = 2*s - s + 39, 36 = -s - n. Let a = 62 + s. What is the units digit of a?
9
Let l be (30/(-12))/(1/(-2)). Let n = l - -5. What is the units digit of n?
0
Let p = -20 + 69. What is the tens digit of p?
4
Suppose j - 8 = -3*j. Suppose 0 = j*q + 35 - 95. What is the units digit of q?
0
Suppose -3*t - 5*y = 15, y = -t - t - 10. Let i = -7 + 4. Let r = i - t. What is the units digit of r?
2
Suppose 4*m - 5*n = 249, 0 = -4*m + 4*n - 52 + 300. What is the units digit of m?
1
Suppose 0 = -z + 3*s, -3*z + 4*z + 5*s = 8. Let o(n) = z*n + 12 + 2 - 2*n. What is the units digit of o(-10)?
4
Let o(c) = 5*c**3 - c**2 + c - 2. Let k be o(3). Suppose 17 = -5*q + k. What is the tens digit of q?
2
Let v be (-2 - -1)/((-2)/14). Suppose -3*i = v + 2. What is the units digit of 1/(i/6 + 1)?
2
Let k(y) = -8*y + 2. What is the tens digit of k(-4)?
3
Let o(y) = y**2 + 2*y + 1. Let h be o(-3). Let k(x) = -x + 7. Let i be k(h). Suppose 3 = -i*r + 6*r. What is the units digit of r?
1
Let t = 109 - 44. What is the units digit of t?
5
Suppose -37*k - 385 = -42*k. What is the units digit of k?
7
Suppose -s + 2*z - 10 + 29 = 0, -4*z - 49 = -3*s. What is the units digit of (-414)/(-22) - (-2)/s?
9
Suppose d - 3*d = -6. Suppose -d*q = -17 + 44. What is the units digit of (-2)/(-1) + (-6 - q)?
5
Let k(v) be the first derivative of -v**3/3 - 5*v**2/2 - 3*v + 2. Let w(j) = -j**3 - 5*j**2 + j + 2. Let p be w(-5). What is the units digit of k(p)?
3
Let a = 8 - 9. Let l be a/3 + 1/3. What is the units digit of (3 + l)/(-1) + 20?
7
Suppose -l = 3*l - 36. Suppose 3*h = -0*h + l. Suppose -5*m - 5*v - 2 - h = 0, -5*m + 3*v + 19 = 0. What is the units digit of m?
2
What is the units digit of (-4100)/(-175) + 3/14*-2?
3
Let b(v) = v - 6 - 16*v**2 + 15*v**2 - 7*v. Let m be b(-4). Suppose -4*y + m*y = -4. What is the units digit of y?
2
Suppose -2*u + 213 = 5*k, 0*u = -2*u + 2*k + 234. What is the units digit of u?
4
Let j(c) = 21*c - 33. What is the units digit of j(6)?
3
Suppose 5*v = -5*a + 35